 the greatest common factor of 253 and 7601?
11
What is the greatest common divisor of 19085 and 2365?
55
What is the highest common factor of 861 and 2235156?
861
Calculate the greatest common factor of 110 and 19668.
22
What is the greatest common divisor of 8192 and 288?
32
What is the greatest common factor of 2415 and 8740?
115
What is the greatest common factor of 4020 and 2280?
60
What is the greatest common divisor of 31476 and 7740?
516
What is the greatest common factor of 144816 and 336?
336
Calculate the highest common divisor of 414 and 3664314.
414
What is the greatest common divisor of 187 and 17325?
11
What is the highest common factor of 39797 and 17?
17
What is the highest common factor of 7350 and 1995?
105
What is the greatest common factor of 24024 and 455?
91
What is the greatest common factor of 142794 and 792?
18
Calculate the greatest common factor of 328 and 9389.
41
Calculate the highest common factor of 829636 and 2.
2
What is the greatest common divisor of 10137 and 26596?
109
Calculate the greatest common divisor of 68256 and 3318.
474
Calculate the greatest common factor of 15 and 2138625.
15
Calculate the greatest common divisor of 2066 and 142.
2
What is the highest common factor of 209723 and 523?
523
What is the greatest common factor of 708 and 81597?
177
What is the greatest common factor of 497437 and 493?
493
Calculate the highest common factor of 36 and 1506444.
12
What is the highest common divisor of 2086 and 21?
7
Calculate the highest common divisor of 9344 and 3928.
8
Calculate the greatest common factor of 179490 and 310.
310
What is the greatest common divisor of 99 and 28446?
33
Calculate the greatest common divisor of 16086 and 240.
6
Calculate the greatest common divisor of 16353 and 5175.
207
What is the greatest common divisor of 1833 and 11817?
39
What is the highest common factor of 98 and 191100?
98
Calculate the greatest common factor of 1424 and 720.
16
What is the greatest common divisor of 1696 and 371?
53
What is the highest common divisor of 814 and 1038257?
407
Calculate the highest common factor of 6470310 and 70.
70
Calculate the greatest common factor of 2498694 and 102.
102
Calculate the highest common factor of 5618 and 55226.
106
Calculate the highest common divisor of 69845 and 305.
305
Calculate the highest common divisor of 122612 and 1510.
302
What is the greatest common divisor of 15 and 151755?
15
Calculate the greatest common factor of 1296 and 3537.
27
Calculate the greatest common divisor of 12000 and 216.
24
What is the highest common divisor of 110 and 20042?
22
What is the greatest common divisor of 4623 and 184?
23
Calculate the highest common divisor of 2528 and 6557.
79
Calculate the highest common factor of 29 and 22417.
29
Calculate the greatest common factor of 3154264 and 376.
376
Calculate the greatest common factor of 615 and 1467.
3
What is the greatest common divisor of 8307 and 195?
39
Calculate the highest common divisor of 27225 and 138303.
1089
Calculate the highest common divisor of 54611 and 3941.
563
Calculate the greatest common divisor of 224 and 189.
7
Calculate the highest common divisor of 114 and 134083.
19
What is the greatest common divisor of 5959 and 7611?
59
Calculate the highest common factor of 42633 and 27.
27
What is the highest common divisor of 14716 and 832?
52
What is the highest common factor of 54 and 12300?
6
What is the greatest common divisor of 524 and 9694?
262
Calculate the highest common factor of 228 and 4313.
19
Calculate the greatest common factor of 320005 and 2899.
223
Calculate the highest common factor of 4482 and 13806.
18
Calculate the highest common divisor of 610 and 9830.
10
Calculate the highest common divisor of 70 and 2464.
14
What is the greatest common factor of 224 and 82796?
28
Calculate the highest common divisor of 42 and 60963.
21
Calculate the greatest common divisor of 721 and 497.
7
Calculate the highest common factor of 1604 and 310374.
802
Calculate the highest common factor of 291 and 22601.
97
Calculate the greatest common factor of 4096 and 3200.
128
What is the highest common divisor of 214 and 3612962?
214
Calculate the highest common factor of 189 and 2133.
27
What is the greatest common divisor of 974946 and 21?
21
Calculate the greatest common divisor of 440 and 64.
8
Calculate the greatest common factor of 142100 and 174.
58
What is the greatest common divisor of 976 and 287493?
61
Calculate the greatest common divisor of 2985 and 630.
15
What is the greatest common factor of 513 and 893?
19
What is the highest common divisor of 103278 and 406?
14
Calculate the highest common factor of 14630 and 152.
38
What is the greatest common factor of 9 and 106551?
9
Calculate the highest common divisor of 309312 and 24.
24
Calculate the greatest common factor of 82 and 14432.
82
Calculate the greatest common divisor of 5219 and 1056387.
307
Calculate the highest common factor of 287213 and 2012.
503
Calculate the greatest common divisor of 21 and 137809.
7
Calculate the greatest common divisor of 31368 and 1836.
12
Calculate the highest common divisor of 18668 and 228.
4
What is the highest common factor of 5514195 and 15?
15
What is the greatest common divisor of 1805 and 40660?
95
Calculate the highest common factor of 15405 and 81120.
195
What is the highest common divisor of 645 and 12994815?
645
What is the highest common factor of 1286769 and 231?
33
What is the greatest common factor of 51987 and 351?
39
Calculate the highest common factor of 15206939 and 11.
11
Calculate the greatest common divisor of 32129 and 155572.
1691
Calculate the highest common divisor of 4580 and 780.
20
Calculate the highest common factor of 380 and 213230.
10
What is the highest common divisor of 72 and 12015?
9
What is the greatest common divisor of 56 and 156968?
56
What is the highest common factor of 675 and 61173?
9
Calculate the highest common factor of 173470 and 1980.
110
Calculate the greatest common divisor of 13797 and 99207.
657
What is the greatest common divisor of 19757 and 2944?
23
What is the greatest common factor of 1648616 and 16?
8
Calculate the greatest common factor of 2310 and 2508.
66
Calculate the greatest common divisor of 80 and 688.
16
What is the greatest common divisor of 9 and 8475?
3
What is the greatest common divisor of 173606 and 1586?
122
What is the greatest common divisor of 9758 and 70?
14
Calculate the highest common divisor of 1075 and 1806.
43
What is the highest common factor of 128334 and 2190?
438
Calculate the highest common divisor of 263410 and 371.
371
What is the highest common factor of 882016 and 688?
688
What is the highest common factor of 24 and 1278?
6
Calculate the greatest common factor of 46916 and 318268.
1268
Calculate the highest common factor of 396 and 12924.
36
Calculate the greatest common divisor of 20620 and 140.
20
What is the greatest common divisor of 4428 and 1638852?
492
Calculate the greatest common factor of 6416344 and 748.
748
What is the greatest common factor of 497 and 1778?
7
Calculate the highest common divisor of 115 and 7301465.
115
Calculate the greatest common factor of 4 and 3750652.
4
Calculate the highest common factor of 58410 and 25.
5
What is the greatest common factor of 192 and 1497624?
24
What is the greatest common divisor of 520 and 215290?
10
What is the highest common divisor of 7242 and 10?
2
Calculate the greatest common divisor of 148987 and 17235.
383
Calculate the greatest common divisor of 368201 and 513.
19
What is the highest common divisor of 13631 and 17071?
43
Calculate the highest common divisor of 1200 and 496.
16
Calculate the highest common divisor of 11 and 415778.
11
Calculate the highest common divisor of 52917 and 186.
93
Calculate the greatest common factor of 568 and 6461.
71
What is the highest common factor of 143 and 3154606?
13
What is the greatest common factor of 166 and 452018?
166
What is the highest common factor of 5609 and 38078?
79
What is the highest common divisor of 222762 and 6?
6
Calculate the highest common factor of 17 and 311134.
17
What is the greatest common divisor of 2023995 and 6195?
885
What is the greatest common divisor of 8 and 6616?
8
What is the greatest 